{"id":42,"date":"2025-01-14T10:50:10","date_gmt":"2025-01-14T10:50:10","guid":{"rendered":"http:\/\/erinnerung-verbindet.eu\/?page_id=42"},"modified":"2025-01-21T14:42:55","modified_gmt":"2025-01-21T14:42:55","slug":"history-trail-war-events-1945","status":"publish","type":"page","link":"https:\/\/erinnerung-verbindet.eu\/en\/geschichtspfad-kriegsereignisse-1945\/","title":{"rendered":"History trail war events 1945"},"content":{"rendered":"<figure class=\"wp-block-image size-large is-resized eplus-wrapper\"><img loading=\"lazy\" decoding=\"async\" width=\"1024\" height=\"579\" src=\"http:\/\/erinnerung-verbindet.eu\/wp-content\/uploads\/2025\/01\/IMG_9790_1_web-1024x579.png\" alt=\"\" class=\"wp-image-44\" style=\"width:1174px;height:auto\" srcset=\"https:\/\/erinnerung-verbindet.eu\/wp-content\/uploads\/2025\/01\/IMG_9790_1_web-1024x579.png 1024w, https:\/\/erinnerung-verbindet.eu\/wp-content\/uploads\/2025\/01\/IMG_9790_1_web-300x170.png 300w, https:\/\/erinnerung-verbindet.eu\/wp-content\/uploads\/2025\/01\/IMG_9790_1_web-768x434.png 768w, https:\/\/erinnerung-verbindet.eu\/wp-content\/uploads\/2025\/01\/IMG_9790_1_web-1536x869.png 1536w, https:\/\/erinnerung-verbindet.eu\/wp-content\/uploads\/2025\/01\/IMG_9790_1_web.png 2000w\" sizes=\"auto, (max-width: 1024px) 100vw, 1024px\" \/><\/figure>\n\n\n\n<p class=\"eplus-wrapper\" style=\"letter-spacing:0.9px\">The beginnings of National Socialist tyranny were gradual, as was the case everywhere in Germany, and were accompanied by hope and euphoria among the wider masses. Opponents of the regime were persecuted and imprisoned early on, e.g. in the Sonnenburg (S\u0142o\u0144sk) penitentiary and concentration camp, one of the first of its kind.<\/p>\n\n\n\n<p class=\"eplus-wrapper\" style=\"letter-spacing:0.9px\">The advance of the Red Army and its allies from the east towards Berlin brought the war to the Order-Warthe region in January 1945 at the latest. On 31 January 1945, the Red Army reached the Sonnenburg (S\u0142o\u0144sk) concentration camp. Further north, in Kienitz, a Soviet unit established the first bridgehead on the western side of the Oder at around the same time. The strategically important town of K\u00fcstrin (Kostrzyn nad Odr\u0105) with its railway and road bridge was once again turned into a fortress and almost completely destroyed in 52 days of fighting. During the final major offensive towards Berlin that followed, tens of thousands of people lost their lives on the edge of the Oderbruch in the Battle of the Seelow Heights (16-19 April 1945); villages such as Klessin no longer exist. Shortly afterwards, the Allied troops reached Berlin and Nazi Germany surrendered in Berlin-Karlshorst on 8 May 1945.<\/p>\n\n\n\n<p class=\"eplus-wrapper\"><\/p>\n\n\n\n<div class=\"wp-block-columns eplus-wrapper is-layout-flex wp-container-core-columns-is-layout-28f84493 wp-block-columns-is-layout-flex\">\n<div class=\"wp-block-column eplus-wrapper is-layout-flow wp-block-column-is-layout-flow\" style=\"flex-basis:33.33%\">\n<figure class=\"wp-block-image size-large eplus-wrapper\"><img loading=\"lazy\" decoding=\"async\" width=\"1024\" height=\"889\" src=\"http:\/\/erinnerung-verbindet.eu\/wp-content\/uploads\/2025\/01\/Schilder_20241204_Grafik-1024x889.png\" alt=\"\" class=\"wp-image-45\" srcset=\"https:\/\/erinnerung-verbindet.eu\/wp-content\/uploads\/2025\/01\/Schilder_20241204_Grafik-1024x889.png 1024w, https:\/\/erinnerung-verbindet.eu\/wp-content\/uploads\/2025\/01\/Schilder_20241204_Grafik-300x260.png 300w, https:\/\/erinnerung-verbindet.eu\/wp-content\/uploads\/2025\/01\/Schilder_20241204_Grafik-768x666.png 768w, https:\/\/erinnerung-verbindet.eu\/wp-content\/uploads\/2025\/01\/Schilder_20241204_Grafik.png 1361w\" sizes=\"auto, (max-width: 1024px) 100vw, 1024px\" \/><\/figure>\n<\/div>\n\n\n\n<div class=\"wp-block-column eplus-wrapper has-global-padding is-layout-constrained wp-block-column-is-layout-constrained\" style=\"flex-basis:66.66%\">\n<p class=\"eplus-wrapper\" style=\"letter-spacing:0.9px\">The Oder-Warthe 1945 cross-border history trail recalls the events of that time and offers fascinating insights from different perspectives. With audio files, signs and publications in at least 3 languages, it provides information on the events of 1945 at the following locations in the Oder-Warthe region:<\/p>\n\n\n\n<p class=\"eplus-wrapper\" style=\"letter-spacing:0.9px\">- Martyrdom Museum S\u0142o\u0144sk, PL<br>- Kienitz bridgehead memorial and armour memorial, DE<br>- K\u00fcstrin Fortress Museum, Kostrzyn nad Odra, PL<br>- Theatre of war Klessin Castle 1945, Podelzig, DE<br>- Seelow Heights Memorial and Museum, DE<br>- Museum Geschichtsstation Seelow (Mark), DE<\/p>\n<\/div>\n<\/div>\n\n\n\n<p class=\"eplus-wrapper\" style=\"letter-spacing:0.9px\">The development and establishment of the \"History Trail War Events 1945\" was funded as part of the project \"Remembering Together - 80 Years of the End of the Second World War 2025\" within the framework of the Small Projects Fund (KPF) 2021-2027 of the PRO EUROPA VIADRINA Euroregion as part of the INTERREG VI A Brandenburg-Poland 2021-2027 cooperation programme.<\/p>\n\n\n\n<figure class=\"wp-block-image aligncenter size-large is-resized eplus-wrapper\"><img loading=\"lazy\" decoding=\"async\" width=\"1024\" height=\"109\" src=\"http:\/\/erinnerung-verbindet.eu\/wp-content\/uploads\/2025\/01\/KPF_FMP-ER-PEV-INTERREG-Stand-06.06-1024x109.jpg\" alt=\"\" class=\"wp-image-47\" style=\"width:631px;height:auto\" srcset=\"https:\/\/erinnerung-verbindet.eu\/wp-content\/uploads\/2025\/01\/KPF_FMP-ER-PEV-INTERREG-Stand-06.06-1024x109.jpg 1024w, https:\/\/erinnerung-verbindet.eu\/wp-content\/uploads\/2025\/01\/KPF_FMP-ER-PEV-INTERREG-Stand-06.06-300x32.jpg 300w, https:\/\/erinnerung-verbindet.eu\/wp-content\/uploads\/2025\/01\/KPF_FMP-ER-PEV-INTERREG-Stand-06.06-768x82.jpg 768w, https:\/\/erinnerung-verbindet.eu\/wp-content\/uploads\/2025\/01\/KPF_FMP-ER-PEV-INTERREG-Stand-06.06-1536x164.jpg 1536w, https:\/\/erinnerung-verbindet.eu\/wp-content\/uploads\/2025\/01\/KPF_FMP-ER-PEV-INTERREG-Stand-06.06-2048x219.jpg 2048w\" sizes=\"auto, (max-width: 1024px) 100vw, 1024px\" \/><\/figure>\n\n\n\n<p class=\"eplus-wrapper\" style=\"letter-spacing:0.9px\">It is also part of the Liberation Route Europe (European Cultural Route of Liberation 1944-1945). The Liberation Route Europe is a certified cultural route of the Council of Europe and a project of the LRE Foundation. It connects people, places and events to commemorate the liberation of Europe from occupation during the Second World War and to reflect on the long-lasting consequences and history of the war through a multinational and multi-perspective approach. With hundreds of places and stories in ten European countries, the route connects the most important regions along the Allied advance in the years 1943-1945<\/p>\n\n\n\n<p class=\"eplus-wrapper\"><\/p>\n\n\n\n<figure class=\"wp-block-image aligncenter size-full is-resized eplus-wrapper\"><img loading=\"lazy\" decoding=\"async\" width=\"857\" height=\"293\" src=\"http:\/\/erinnerung-verbindet.eu\/wp-content\/uploads\/2025\/01\/LRE-logo-blue.png\" alt=\"\" class=\"wp-image-48\" style=\"width:252px;height:auto\" srcset=\"https:\/\/erinnerung-verbindet.eu\/wp-content\/uploads\/2025\/01\/LRE-logo-blue.png 857w, https:\/\/erinnerung-verbindet.eu\/wp-content\/uploads\/2025\/01\/LRE-logo-blue-300x103.png 300w, https:\/\/erinnerung-verbindet.eu\/wp-content\/uploads\/2025\/01\/LRE-logo-blue-768x263.png 768w\" sizes=\"auto, (max-width: 857px) 100vw, 857px\" \/><\/figure>","protected":false},"excerpt":{"rendered":"<p>Die Anf\u00e4nge der nationalsozialistischen Gewaltherrschaft erfolgten wie \u00fcberall in Deutschland schleichend und wurden von der breiteren Masse mit Hoffnung und Euphorie begleitet. Regimegegner wurden fr\u00fchzeitig verfolgt und inhaftiert, z.B. im [&hellip;]<\/p>\n","protected":false},"author":1,"featured_media":0,"parent":0,"menu_order":0,"comment_status":"closed","ping_status":"closed","template":"","meta":{"editor_plus_copied_stylings":"{}","_EventAllDay":false,"_EventTimezone":"","_EventStartDate":"","_EventEndDate":"","_EventStartDateUTC":"","_EventEndDateUTC":"","_EventShowMap":false,"_EventShowMapLink":false,"_EventURL":"","_EventCost":"","_EventCostDescription":"","_EventCurrencySymbol":"","_EventCurrencyCode":"","_EventCurrencyPosition":"","_EventDateTimeSeparator":"","_EventTimeRangeSeparator":"","_EventOrganizerID":[],"_EventVenueID":[],"_OrganizerEmail":"","_OrganizerPhone":"","_OrganizerWebsite":"","_VenueAddress":"","_VenueCity":"","_VenueCountry":"","_VenueProvince":"","_VenueState":"","_VenueZip":"","_VenuePhone":"","_VenueURL":"","_VenueStateProvince":"","_VenueLat":"","_VenueLng":"","_VenueShowMap":false,"_VenueShowMapLink":false,"footnotes":""},"class_list":["post-42","page","type-page","status-publish","hentry"],"_links":{"self":[{"href":"https:\/\/erinnerung-verbindet.eu\/en\/wp-json\/wp\/v2\/pages\/42","targetHints":{"allow":["GET"]}}],"collection":[{"href":"https:\/\/erinnerung-verbindet.eu\/en\/wp-json\/wp\/v2\/pages"}],"about":[{"href":"https:\/\/erinnerung-verbindet.eu\/en\/wp-json\/wp\/v2\/types\/page"}],"author":[{"embeddable":true,"href":"https:\/\/erinnerung-verbindet.eu\/en\/wp-json\/wp\/v2\/users\/1"}],"replies":[{"embeddable":true,"href":"https:\/\/erinnerung-verbindet.eu\/en\/wp-json\/wp\/v2\/comments?post=42"}],"version-history":[{"count":0,"href":"https:\/\/erinnerung-verbindet.eu\/en\/wp-json\/wp\/v2\/pages\/42\/revisions"}],"wp:attachment":[{"href":"https:\/\/erinnerung-verbindet.eu\/en\/wp-json\/wp\/v2\/media?parent=42"}],"curies":[{"name":"wp","href":"https:\/\/api.w.org\/{rel}","templated":true}]}}

<figure class="wp-block-image size-large is-resized eplus-wrapper"><img loading="lazy" decoding="async" width="1024" height="579" src="http://erinnerung-verbindet.eu/wp-content/uploads/2025/01/IMG_9790_1_web-1024x579.png" alt="" class="wp-image-44" style="width:1174px;height:auto" srcset="https://erinnerung-verbindet.eu/wp-content/uploads/2025/01/IMG_9790_1_web-1024x579.png 1024w, https://erinnerung-verbindet.eu/wp-content/uploads/2025/01/IMG_9790_1_web-300x170.png 300w, https://erinnerung-verbindet.eu/wp-content/uploads/2025/01/IMG_9790_1_web-768x434.png 768w, https://erinnerung-verbindet.eu/wp-content/uploads/2025/01/IMG_9790_1_web-1536x869.png 1536w, https://erinnerung-verbindet.eu/wp-content/uploads/2025/01/IMG_9790_1_web.png 2000w" sizes="auto, (max-width: 1024px) 100vw, 1024px" /></figure>



<p class="eplus-wrapper" style="letter-spacing:0.9px">The beginnings of National Socialist tyranny were gradual, as was the case everywhere in Germany, and were accompanied by hope and euphoria among the wider masses. Opponents of the regime were persecuted and imprisoned early on, e.g. in the Sonnenburg (Słońsk) penitentiary and concentration camp, one of the first of its kind.</p>



<p class="eplus-wrapper" style="letter-spacing:0.9px">The advance of the Red Army and its allies from the east towards Berlin brought the war to the Order-Warthe region in January 1945 at the latest. On 31 January 1945, the Red Army reached the Sonnenburg (Słońsk) concentration camp. Further north, in Kienitz, a Soviet unit established the first bridgehead on the western side of the Oder at around the same time. The strategically important town of Küstrin (Kostrzyn nad Odrą) with its railway and road bridge was once again turned into a fortress and almost completely destroyed in 52 days of fighting. During the final major offensive towards Berlin that followed, tens of thousands of people lost their lives on the edge of the Oderbruch in the Battle of the Seelow Heights (16-19 April 1945); villages such as Klessin no longer exist. Shortly afterwards, the Allied troops reached Berlin and Nazi Germany surrendered in Berlin-Karlshorst on 8 May 1945.</p>



<p class="eplus-wrapper"></p>



<div class="wp-block-columns eplus-wrapper is-layout-flex wp-container-core-columns-is-layout-28f84493 wp-block-columns-is-layout-flex">
<div class="wp-block-column eplus-wrapper is-layout-flow wp-block-column-is-layout-flow" style="flex-basis:33.33%">
<figure class="wp-block-image size-large eplus-wrapper"><img loading="lazy" decoding="async" width="1024" height="889" src="http://erinnerung-verbindet.eu/wp-content/uploads/2025/01/Schilder_20241204_Grafik-1024x889.png" alt="" class="wp-image-45" srcset="https://erinnerung-verbindet.eu/wp-content/uploads/2025/01/Schilder_20241204_Grafik-1024x889.png 1024w, https://erinnerung-verbindet.eu/wp-content/uploads/2025/01/Schilder_20241204_Grafik-300x260.png 300w, https://erinnerung-verbindet.eu/wp-content/uploads/2025/01/Schilder_20241204_Grafik-768x666.png 768w, https://erinnerung-verbindet.eu/wp-content/uploads/2025/01/Schilder_20241204_Grafik.png 1361w" sizes="auto, (max-width: 1024px) 100vw, 1024px" /></figure>
</div>



<div class="wp-block-column eplus-wrapper has-global-padding is-layout-constrained wp-block-column-is-layout-constrained" style="flex-basis:66.66%">
<p class="eplus-wrapper" style="letter-spacing:0.9px">The Oder-Warthe 1945 cross-border history trail recalls the events of that time and offers fascinating insights from different perspectives. With audio files, signs and publications in at least 3 languages, it provides information on the events of 1945 at the following locations in the Oder-Warthe region:</p>



<p class="eplus-wrapper" style="letter-spacing:0.9px">- Martyrdom Museum Słońsk, PL<br>- Kienitz bridgehead memorial and armour memorial, DE<br>- Küstrin Fortress Museum, Kostrzyn nad Odra, PL<br>- Theatre of war Klessin Castle 1945, Podelzig, DE<br>- Seelow Heights Memorial and Museum, DE<br>- Museum Geschichtsstation Seelow (Mark), DE</p>
</div>
</div>



<p class="eplus-wrapper" style="letter-spacing:0.9px">The development and establishment of the "History Trail War Events 1945" was funded as part of the project "Remembering Together - 80 Years of the End of the Second World War 2025" within the framework of the Small Projects Fund (KPF) 2021-2027 of the PRO EUROPA VIADRINA Euroregion as part of the INTERREG VI A Brandenburg-Poland 2021-2027 cooperation programme.</p>



<figure class="wp-block-image aligncenter size-large is-resized eplus-wrapper"><img loading="lazy" decoding="async" width="1024" height="109" src="http://erinnerung-verbindet.eu/wp-content/uploads/2025/01/KPF_FMP-ER-PEV-INTERREG-Stand-06.06-1024x109.jpg" alt="" class="wp-image-47" style="width:631px;height:auto" srcset="https://erinnerung-verbindet.eu/wp-content/uploads/2025/01/KPF_FMP-ER-PEV-INTERREG-Stand-06.06-1024x109.jpg 1024w, https://erinnerung-verbindet.eu/wp-content/uploads/2025/01/KPF_FMP-ER-PEV-INTERREG-Stand-06.06-300x32.jpg 300w, https://erinnerung-verbindet.eu/wp-content/uploads/2025/01/KPF_FMP-ER-PEV-INTERREG-Stand-06.06-768x82.jpg 768w, https://erinnerung-verbindet.eu/wp-content/uploads/2025/01/KPF_FMP-ER-PEV-INTERREG-Stand-06.06-1536x164.jpg 1536w, https://erinnerung-verbindet.eu/wp-content/uploads/2025/01/KPF_FMP-ER-PEV-INTERREG-Stand-06.06-2048x219.jpg 2048w" sizes="auto, (max-width: 1024px) 100vw, 1024px" /></figure>



<p class="eplus-wrapper" style="letter-spacing:0.9px">It is also part of the Liberation Route Europe (European Cultural Route of Liberation 1944-1945). The Liberation Route Europe is a certified cultural route of the Council of Europe and a project of the LRE Foundation. It connects people, places and events to commemorate the liberation of Europe from occupation during the Second World War and to reflect on the long-lasting consequences and history of the war through a multinational and multi-perspective approach. With hundreds of places and stories in ten European countries, the route connects the most important regions along the Allied advance in the years 1943-1945</p>



<p class="eplus-wrapper"></p>



<figure class="wp-block-image aligncenter size-full is-resized eplus-wrapper"><img loading="lazy" decoding="async" width="857" height="293" src="http://erinnerung-verbindet.eu/wp-content/uploads/2025/01/LRE-logo-blue.png" alt="" class="wp-image-48" style="width:252px;height:auto" srcset="https://erinnerung-verbindet.eu/wp-content/uploads/2025/01/LRE-logo-blue.png 857w, https://erinnerung-verbindet.eu/wp-content/uploads/2025/01/LRE-logo-blue-300x103.png 300w, https://erinnerung-verbindet.eu/wp-content/uploads/2025/01/LRE-logo-blue-768x263.png 768w" sizes="auto, (max-width: 857px) 100vw, 857px" /></figure>

<p>Die Anfänge der nationalsozialistischen Gewaltherrschaft erfolgten wie überall in Deutschland schleichend und wurden von der breiteren Masse mit Hoffnung und Euphorie begleitet. Regimegegner wurden frühzeitig verfolgt und inhaftiert, z.B. im [&hellip;]</p>
